c - 4. Calculate y(-10).
-34
Let y(b) = b**2 + 2*b - 15. Determine y(9).
84
Let k(m) = m**2 + m + 12. What is k(0)?
12
Let u(p) = -2*p + 6. Calculate u(0).
6
Let i(z) = -48*z - 4. Give i(-1).
44
Let q(b) = b**3 + 29*b**2 - 61*b + 30. What is q(-31)?
-1
Let p(i) = 2*i + 15. Give p(-6).
3
Let o(r) = r**2 - 4*r - 5. Give o(4).
-5
Let q(j) = -j**2 - 9*j + 100. Determine q(6).
10
Let r(b) = 70*b + 64. Calculate r(-1).
-6
Let a(x) = -x - 24. Give a(-18).
-6
Let k(x) = x**2 - 6*x - 19. Calculate k(9).
8
Let j(a) = -a**3 + 9*a**2 + 24*a - 22. What is j(11)?
0
Let q(p) = 4*p - 9. Give q(2).
-1
Let s(x) = -4*x + 54. Give s(-5).
74
Let p(l) = -13*l + 142. What is p(11)?
-1
Let z(v) = 3*v**2 - 6*v - 18. Calculate z(-3).
27
Let n(v) = v**3 - 25*v**2 - 3*v + 62. Calculate n(25).
-13
Let n(u) = 2*u**2 + 3*u - 68. Determine n(-7).
9
Let k(m) = -4*m - 14. Calculate k(-5).
6
Let y(a) = a**2 + 15*a. What is y(-7)?
-56
Let v(u) = u**3 + u**2 + 3*u + 4. Give v(-3).
-23
Let s(m) = 2*m**2 - 2*m - 4. What is s(3)?
8
Let d(j) = -j**3 + 36*j - 75. Give d(4).
5
Let i(h) = 2*h**2 + 9*h - 3. Give i(-5).
2
Let h(w) = -w**3 + 7*w**2 + 8. Give h(7).
8
Let d(j) = j**3 - 4*j**2 + 5*j - 5. Determine d(3).
1
Let h(a) = a - 9. Determine h(-7).
-16
Let d(h) = h**3 + 14*h**2 + 25*h + 11. Give d(-12).
-1
Let h(r) = 3*r**3 - 6*r**2 - 8*r + 26. Give h(3).
29
Let l(i) = 3*i - 3. Give l(-6).
-21
Let o(c) = 4*c**3 - 3*c**2 + 2*c - 3. Calculate o(2).
21
Let q(m) = 4*m - 36. Determine q(4).
-20
Let i(o) = -o**2 + 7*o - 4. What is i(3)?
8
Let k(s) = 14*s. Give k(-2).
-28
Let t(o) = o**3 + 5*o**2 - 3*o + 3. Give t(-5).
18
Let c(w) = 3*w - 64. Determine c(-25).
-139
Let w(q) = -q + 23. What is w(10)?
13
Let l(g) = 2*g + 5. Give l(3).
11
Let o(r) = 4*r**2 - 24*r - 5. Calculate o(6).
-5
Let i(u) = 2*u + 7. Give i(-3).
1
Let z(p) = -7*p - 45. Calculate z(-8).
11
Let g(q) = -q**3 + 10*q**2 - q + 30. Determine g(10).
20
Let u(m) = m**3 - 8*m**2 + 6*m - 3. What is u(6)?
-39
Let v(z) = -3*z**2 + 4*z - 5. Calculate v(3).
-20
Let j(l) = -32*l**2 + 3*l + 2. Calculate j(-1).
-33
Let x(s) = 6*s - 61. What is x(12)?
11
Let i(a) = -4*a**2 - 6*a - 7. Determine i(-2).
-11
Let u(w) = 2*w**3 - 3*w**2 - 3*w - 4. Give u(3).
14
Let c(v) = 11*v**3 - 3*v**2 + 4*v - 2. Calculate c(1).
10
Let l(y) = -y**2 + 4*y - 9. Determine l(3).
-6
Let j(p) = -p**3 + 16*p**2 + 59*p - 33. What is j(19)?
5
Let n(i) = -4*i + 2. What is n(3)?
-10
Let q(v) = -v**3 + 2*v + 3. Determine q(3).
-18
Let z(j) = 4*j - 88. Give z(22).
0
Let y(l) = -24*l**3 - l**2 + 1. Determine y(1).
-24
Let p(r) = 3*r + 20. Determine p(-5).
5
Let n(y) = y**2 - 2*y - 6. What is n(4)?
2
Let k(n) = -7*n + 5. Calculate k(2).
-9
Let g(l) = l**3 + 3*l**2 + 4*l + 2. Give g(-2).
-2
Let p(g) = -g**3 + 13*g**2 - 12*g. What is p(12)?
0
Let p(a) = 3*a**3 - 23*a**2 + 10*a + 22. Determine p(7).
-6
Let q(u) = u**2 + 5*u - 3. Give q(-4).
-7
Let r(l) = l**3 - 9*l**2 + 19*l - 10. Give r(6).
-4
Let s(f) = 11*f**3 - f**2 - 3*f + 4. Calculate s(1).
11
Let o(r) = -r**2 - 9*r - 11. Calculate o(-7).
3
Let a(j) = j - 8. Determine a(6).
-2
Let o(q) = 18*q**2 - 3*q + 2. Give o(1).
17
Let q(d) = -2*d + 1. Calculate q(-21).
43
Let x(u) = -2*u - 25. Determine x(7).
-39
Let b(x) = -x**3 + 6*x**2 - 7. Calculate b(6).
-7
Let y(a) = a**2 + 14*a - 7. Calculate y(-14).
-7
Let r(l) = -l**3 - 5*l**2 + 6*l. Determine r(-6).
0
Let w(c) = 2*c + 1. Calculate w(1).
3
Let a(q) = -9*q + 103. Determine a(5).
58
Let k(i) = -25*i - 48. Calculate k(-3).
27
Let u(p) = 10*p**2 - 5*p - 2. Give u(2).
28
Let j(q) = -90*q + 272. Determine j(3).
2
Let z(r) = -3*r**2 - 23*r - 35. Calculate z(-6).
-5
Let l(p) = -2*p**2 + 5*p + 7. Determine l(-5).
-68
Let p(j) = -j**2 + 21. Determine p(-5).
-4
Let g(q) = -q**2 + 13*q - 38. Determine g(11).
-16
Let i(n) = 4*n - 11. Determine i(9).
25
Let d(j) = 2*j**3 + 18*j**2 - 12*j - 10. What is d(-9)?
98
Let p(q) = 2*q**2 - 11*q + 7. What is p(4)?
-5
Let u(x) = x + 6. Determine u(5).
11
Let t(u) = 9*u - 9. Determine t(5).
36
Let s(f) = -f**3 + 13*f**2 + 14*f - 2. Determine s(14).
-2
Let o(n) = n**2 + 3*n - 9. Give o(-4).
-5
Let x(a) = a**2 - 10*a + 7. What is x(10)?
7
Let o(k) = -k**3 - 28*k**2 + 32*k + 57. What is o(-29)?
-30
Let p(m) = 3*m**3 + 14*m**2 - 6*m - 4. Calculate p(-5).
1
Let g(n) = 3*n**3 + 2*n**2 - 6*n - 3. What is g(2)?
17
Let g(r) = 13*r - 8. Give g(4).
44
Let d(r) = r**3 + 4*r**2 + 9*r + 11. Give d(-2).
1
Let q(j) = -8*j - 4. Give q(2).
-20
Let v(s) = 5*s - 15. Give v(7).
20
Let x(f) = -f**2 - 13*f - 76. What is x(-12)?
-64
Let d(n) = n**3 - 10*n**2 - 6*n - 55. Give d(11).
0
Let h(f) = 7*f**2 - f + 1. Determine h(-2).
31
Let p(a) = 37*a - 16. Determine p(3).
95
Let u(t) = -2*t**2 - 15*t + 3. Give u(-8).
-5
Let q(w) = 13*w + 3. Determine q(-2).
-23
Let i(w) = w**3 - 14*w**2 + w + 2. What is i(14)?
16
Let r(y) = y**2 + 3*y + 9. Determine r(-4).
13
Let m(g) = g**2 - g + 1. What is m(5)?
21
Let r(g) = g**3 - 2*g**2 - 4*g - 7. Give r(-3).
-40
Let m(s) = 4*s - 2. What is m(-5)?
-22
Let x(w) = -3*w + 18. Determine x(7).
-3
Let o(b) = -b**2 - 34*b - 151. Give o(-5).
-6
Let u(w) = 2*w**3 + 2*w**2 + w - 1. Determine u(2).
25
Let r(f) = f + 9. Calculate r(4).
13
Let r(n) = -7*n - 4. Determine r(7).
-53
Let j(t) = 6*t + 130. What is j(-20)?
10
Let a(s) = s**2 + 15*s + 18. Calculate a(-5).
-32
Let f(b) = -b**2 - b + 1. What is f(2)?
-5
Let k(n) = n**3 - 7*n**2 + 7*n - 3. What is k(6)?
3
Let d(v) = -v**2 - 6*v - 12. Calculate d(-4).
-4
Let x(i) = -3*i**2 - 24*i + 18. Calculate x(-9).
-9
Let i(u) = 14*u - 1. What is i(-3)?
-43
Let k(w) = w + 2. Calculate k(11).
13
Let f(m) = -2*m - 29. Determine f(-21).
13
Let g(f) = f**3 - f**2 - f + 2. What is g(0)?
2
Let z(k) = k**2 + k - 6. What is z(0)?
-6
Let m(x) = 19*x**2 + 118*x - 2. Calculate m(-6).
-26
Let a(q) = -q**3 + 11*q**2 - 8*q + 3. What is a(10)?
23
Let k(b) = -3*b**2 - 3*b - 6. What is k(-4)?
-42
Let w(c) = 4*c + 5. What is w(-3)?
-7
Let x(v) = 5*v**2 + 203*v + 114. Give x(-40).
-6
Let y(i) = i**2 + 8*i + 12. What is y(-6)?
0
Let n(o) = -4*o**3 - 31*o**2 + o - 43. Determine n(-8).
13
Let a(x) = x + 3. Determine a(-2).
1
Let l(x) = -x**2 - 4*x + 80. Give l(-9).
35
Let q(a) = 18*a**3 + 1. Calculate q(1).
19
Let y(t) = -5*t**3 + t**2 - 2*t + 2. Calculate y(1).
-4
Let v(d) = d**2 - 4*d - 2. Calculate v(4).
-2
Let g(z) = -7*z + 47. Calculate g(7).
-2
Let a(c) = -c**3 + 3*c**2 - 9. Give a(-2).
11
Let q(v) = -14*v - 68. Determine q(-5).
2
Let b(a) = -42*a - 10. Determine b(-2).
74
Let c(h) = h**3 + 8*h**2 + 19*h + 13. Give c(-4).
1
Let d(y) = y**3 - 26*y**2 + 87*y + 19. Determine d(22).
-3
Let k(i) = i**2 - 6*i - 19. Determine k(7).
-12
Let j(x) = x**2 + 19*x + 36. Give j(-18).
18
Let q(o) = o**3 - 13*o**2 + 15*o + 13. Give q(11).
-64
Let t(i) = -i**3 + 12*i**2 - 28*i - 19. Determine t(9).
-28
Let t(i) = 3*i - 4. Give t(1).
-1
Let f(s) = -s**2 - 3*s + 6. Calculate f(3).
-12
Let o(w) = -w**2 - 12*w + 8. Calculate o(-13).
-5
Let z(n) = -n**3 + 18*n**2 - 32*n + 5. Calculate z(16).
5
Let f(i) = -2*i + 11. Determine f(-7).
25
Let v(p) = 18*p + 1. What is v(1)?
19
Let c(n) = n + 48. What is c(0)?
48
Let r(f) = f**3 + 9*f**2 - 12*f. Calculate r(-10).
20
Let w(k) = -4*k + 40. Calculate w(12).
-8
Let b(q) = q + 21. What is b(-17)?
4
Let o(m) = -18*m - 168. What is o(-8)?
-24
Let w(s) = 7*s + 12. Give w(-3).
-9
Let d(h) = h. What is d(-6)?
-6
Let u(v) = v**3 + 18*v**2 + 2*v + 30. What is u(-18)?
-6
Let i(o) = -o**2 + 11*o - 19. Calculate i(9).
-1
Let s(d) = -d**2 - 30*d - 158. What is s(-8)?
18
Let w(c) = -5*c - 32. Calculate w(-10).
18
Let p(i) = -165*i + 650. Calculate p(4).
-10
Let f(n) = n**3 - 4*n**2 - n + 7. Determine f(-3).
-53
Let g(k) = -2*k + 5. Calculate g(2).
1
Let q(r) = -r**2 + 13*r + 52. What is q(16)?
4
Let d(g) = -g**3 + 3*g**2 + 11*g + 3. What is d(5)?
8
Let u(r) = -7*r**2 + 3. Calculate u(3).
-60
Let h(a) = -7*a - 2. Give h(-2).
12
Let i(t) = t - 10. Calculate i(-2).
-12
Let n(v) = -v**3 + v**2 - 4. Determine n(-3).
32
Let h(j) = -j**3 + 3*j**2 + 15*j - 21. Determine h(5).
4
Let h(j) = -j**3 - 3*j**2 + 54*j + 9. Give h(-9).
9
Let n(q) = -q**3 + 5*q**2 - 7. Give n(4).
9
Let n(p) = 60*p - 46. Give n(2).
74
Let u(p) = 2*p**2 + 47*p - 12. Calculate u(-24).
12
Let x(j) = -4*j**2 + 1. Determine x(-2).
-15
Let w(a) = -a**3 + 